prime factors of 227?
227
List the prime factors of 8977.
47, 191
What are the prime factors of 3971?
11, 19
What are the prime factors of 2457?
3, 7, 13
What are the prime factors of 1788?
2, 3, 149
What are the prime factors of 2567?
17, 151
List the prime factors of 1406.
2, 19, 37
What are the prime factors of 1025?
5, 41
List the prime factors of 149.
149
List the prime factors of 53617.
53617
List the prime factors of 2124.
2, 3, 59
List the prime factors of 286.
2, 11, 13
What are the prime factors of 1857?
3, 619
What are the prime factors of 23553?
3, 2617
List the prime factors of 164156.
2, 41039
What are the prime factors of 39965?
5, 7993
What are the prime factors of 36086?
2, 18043
List the prime factors of 9790.
2, 5, 11, 89
What are the prime factors of 6178?
2, 3089
List the prime factors of 3079.
3079
List the prime factors of 32965.
5, 19, 347
What are the prime factors of 4075?
5, 163
List the prime factors of 64.
2
List the prime factors of 14477.
31, 467
List the prime factors of 9392.
2, 587
What are the prime factors of 150828?
2, 3, 12569
What are the prime factors of 24274?
2, 53, 229
List the prime factors of 33240.
2, 3, 5, 277
List the prime factors of 282.
2, 3, 47
What are the prime factors of 1062?
2, 3, 59
List the prime factors of 2542.
2, 31, 41
List the prime factors of 10060.
2, 5, 503
List the prime factors of 41.
41
List the prime factors of 25400.
2, 5, 127
List the prime factors of 10908.
2, 3, 101
List the prime factors of 39566.
2, 73, 271
List the prime factors of 480.
2, 3, 5
List the prime factors of 3060.
2, 3, 5, 17
List the prime factors of 66088.
2, 11, 751
List the prime factors of 752.
2, 47
List the prime factors of 972.
2, 3
What are the prime factors of 3256?
2, 11, 37
What are the prime factors of 29686?
2, 14843
List the prime factors of 1839.
3, 613
What are the prime factors of 158139?
3, 5857
What are the prime factors of 16112?
2, 19, 53
List the prime factors of 2154.
2, 3, 359
What are the prime factors of 785?
5, 157
What are the prime factors of 3738?
2, 3, 7, 89
List the prime factors of 44484.
2, 3, 11, 337
List the prime factors of 3338.
2, 1669
List the prime factors of 6232.
2, 19, 41
List the prime factors of 154530.
2, 3, 5, 17, 101
What are the prime factors of 870?
2, 3, 5, 29
What are the prime factors of 6844?
2, 29, 59
What are the prime factors of 2997?
3, 37
What are the prime factors of 860?
2, 5, 43
List the prime factors of 2638.
2, 1319
What are the prime factors of 1517?
37, 41
What are the prime factors of 96318?
2, 3, 5351
What are the prime factors of 4744?
2, 593
List the prime factors of 2801.
2801
What are the prime factors of 57989?
103, 563
List the prime factors of 50428.
2, 7, 1801
List the prime factors of 104976.
2, 3
List the prime factors of 5201.
7, 743
What are the prime factors of 1297?
1297
What are the prime factors of 196?
2, 7
What are the prime factors of 2883?
3, 31
What are the prime factors of 78007?
78007
What are the prime factors of 61863?
3, 17, 1213
What are the prime factors of 5810?
2, 5, 7, 83
What are the prime factors of 873?
3, 97
What are the prime factors of 11502?
2, 3, 71
List the prime factors of 38750.
2, 5, 31
What are the prime factors of 14484?
2, 3, 17, 71
What are the prime factors of 57046?
2, 11, 2593
What are the prime factors of 1170?
2, 3, 5, 13
What are the prime factors of 6453?
3, 239
List the prime factors of 5952.
2, 3, 31
What are the prime factors of 1019?
1019
What are the prime factors of 27353?
17, 1609
List the prime factors of 8610.
2, 3, 5, 7, 41
List the prime factors of 3644.
2, 911
What are the prime factors of 1121?
19, 59
List the prime factors of 301.
7, 43
What are the prime factors of 17713?
17713
List the prime factors of 25705.
5, 53, 97
List the prime factors of 346.
2, 173
What are the prime factors of 33818?
2, 37, 457
List the prime factors of 955.
5, 191
What are the prime factors of 3961?
17, 233
List the prime factors of 1341.
3, 149
List the prime factors of 711.
3, 79
List the prime factors of 3236.
2, 809
What are the prime factors of 71337?
3, 7, 43, 79
List the prime factors of 504.
2, 3, 7
List the prime factors of 2406.
2, 3, 401
What are the prime factors of 1377?
3, 17
What are the prime factors of 133350?
2, 3, 5, 7, 127
What are the prime factors of 2140?
2, 5, 107
List the prime factors of 15093.
3, 13, 43
What are the prime factors of 4068?
2, 3, 113
What are the prime factors of 145280?
2, 5, 227
What are the prime factors of 7950?
2, 3, 5, 53
What are the prime factors of 2405?
5, 13, 37
List the prime factors of 4231.
4231
What are the prime factors of 35683?
17, 2099
List the prime factors of 4259.
4259
What are the prime factors of 11092?
2, 47, 59
What are the prime factors of 15776?
2, 17, 29
List the prime factors of 3421.
11, 311
List the prime factors of 27714.
2, 3, 31, 149
What are the prime factors of 952?
2, 7, 17
What are the prime factors of 43681?
11, 19
What are the prime factors of 26633?
26633
List the prime factors of 1496.
2, 11, 17
List the prime factors of 1046.
2, 523
List the prime factors of 22783.
22783
What are the prime factors of 433?
433
List the prime factors of 1274.
2, 7, 13
What are the prime factors of 722?
2, 19
List the prime factors of 15419.
17, 907
List the prime factors of 55875.
3, 5, 149
What are the prime factors of 6979?
7, 997
List the prime factors of 1283.
1283
List the prime factors of 42372.
2, 3, 11, 107
What are the prime factors of 4035?
3, 5, 269
List the prime factors of 3307.
3307
List the prime factors of 15943.
107, 149
What are the prime factors of 13725?
3, 5, 61
What are the prime factors of 2430?
2, 3, 5
What are the prime factors of 10304?
2, 7, 23
What are the prime factors of 6517?
7, 19
List the prime factors of 1769.
29, 61
List the prime factors of 5628.
2, 3, 7, 67
List the prime factors of 6767.
67, 101
List the prime factors of 15544.
2, 29, 67
What are the prime factors of 75?
3, 5
List the prime factors of 2583.
3, 7, 41
What are the prime factors of 11154?
2, 3, 11, 13
What are the prime factors of 14356?
2, 37, 97
List the prime factors of 8921.
11, 811
What are the prime factors of 67003?
67003
What are the prime factors of 116509?
263, 443
List the prime factors of 206.
2, 103
What are the prime factors of 17873?
61, 293
What are the prime factors of 922?
2, 461
What are the prime factors of 3214?
2, 1607
List the prime factors of 1786.
2, 19, 47
List the prime factors of 745.
5, 149
What are the prime factors of 2627?
37, 71
List the prime factors of 718.
2, 359
What are the prime factors of 6101?
6101
What are the prime factors of 172469?
11, 15679
List the prime factors of 685.
5, 137
What are the prime factors of 10388?
2, 7, 53
List the prime factors of 1359.
3, 151
List the prime factors of 2030.
2, 5, 7, 29
What are the prime factors of 73272?
2, 3, 43, 71
List the prime factors of 14918.
2, 7459
What are the prime factors of 34735?
5, 6947
List the prime factors of 2107.
7, 43
List the prime factors of 2793.
3, 7, 19
What are the prime factors of 23509?
23509
What are the prime factors of 5252?
2, 13, 101
What are the prime factors of 18067?
7, 29, 89
What are the prime factors of 1152?
2, 3
What are the prime factors of 14209?
13, 1093
List the prime factors of 1066.
2, 13, 41
List the prime factors of 3357.
3, 373
List the prime factors of 3002.
2, 19, 79
List the prime factors of 6765.
3, 5, 11, 41
What are the prime factors of 4976?
2, 311
What are the prime factors of 8297?
8297
List the prime factors of 131552.
2, 4111
What are the prime factors of 14635?
5, 2927
List the prime factors of 1280.
2, 5
What are the prime factors of 7942?
2, 11, 19
What are the prime factors of 1343?
17, 79
List the prime factors of 3025.
5, 11
What are the prime factors of 21063?
3, 7, 17, 59
What are the prime factors of 13881?
3, 7, 661
List the prime factors of 2002.
2, 7, 11, 13
List the prime factors of 4624.
2, 17
List the prime factors of 84374.
2, 42187
What are the prime factors of 9018?
2, 3, 167
List the prime factors of 1930.
2, 5, 193
What are the prime factors of 368?
2, 23
List the prime factors of 121664.
2, 1901
What are the prime factors of 9445?
5, 1889
List the prime fac